112
Convert -13a8478 (base 15) to base 4.
-312023202011
-1136c0 (base 16) to base 14
-2151a8
What is -111101001101011100011011 (base 2) in base 9?
-33165683
What is 130688 (base 9) in base 10?
79298
What is 11110101011000110101101 (base 2) in base 6?
444202141
Convert -2846633 (base 11) to base 10.
-4898842
-828a4 (base 14) to base 15
-632d8
What is -1054501 (base 6) in base 5?
-3213211
What is -1231440131 (base 5) in base 13?
-810304
What is -16711 (base 9) in base 6?
-125144
-442320024 (base 5) to base 8
-7237731
20202211010100 (base 3) to base 11
2038614
Convert -101550512 (base 6) to base 16.
-1b092c
Convert 14330314 (base 5) to base 7.
1202013
Convert -1010000100101001011 (base 2) to base 13.
-b7302
What is 683466 (base 9) in base 4?
1203330021
Convert 159b8 (base 15) to base 7.
410126
150350313 (base 6) to base 4
23313011211
What is 1321023003 (base 4) in base 15?
9c0d3
Convert -2492d (base 15) to base 7.
-664402
What is 24262312 (base 7) in base 8?
10207420
166311421 (base 7) to base 10
11465329
10788408 (base 9) to base 2
10100000010111100110100
-22210031023 (base 4) to base 2
-1010100100001101001011
What is -8628756 (base 10) in base 16?
-83aa14
Convert d737 (base 14) to base 3.
1212212211
What is -a23aa3 (base 13) in base 3?
-21002222002012
Convert -6baa5 (base 12) to base 7.
-1142465
Convert 137bb (base 16) to base 4.
103132323
22a2954 (base 13) to base 8
50612466
Convert -1301435123 (base 6) to base 2.
-111001111110110001011011
Convert 44220555 (base 7) to base 13.
a32297
-210120021100 (base 3) to base 16
-67a1c
What is -1855a46 (base 13) in base 5?
-4013441231
Convert 11013123 (base 4) to base 12.
10163
143572 (base 9) to base 10
87950
What is 123012311221 (base 4) in base 7?
114253621
What is -3440142 (base 6) in base 13?
-6233c
Convert 121000121211 (base 3) to base 6.
10432034
What is 14562145 (base 8) in base 3?
20021110010111
Convert 42540035 (base 7) to base 6.
205353435
Convert 10111110011101001111 (base 2) to base 15.
106226
What is -143546 (base 10) in base 15?
-2c7eb
Convert -11185404 (base 9) to base 7.
-64103446
Convert 3ac63 (base 13) to base 5.
12003022
Convert 316602 (base 11) to base 16.
7ba8c
Convert 1220120130 (base 4) to base 14.
b1b52
What is -94199 (base 16) in base 2?
-10010100000110011001
What is -955853 (base 12) in base 11?
-1367952
-323392 (base 14) to base 11
-a60745
Convert 12002101200 (base 3) to base 12.
49b69
-747227 (base 13) to base 10
-2729045
What is -23923a (base 16) in base 15?
-310ace
Convert 211402043 (base 5) to base 6.
31010021
Convert 223b9aa (base 13) to base 16.
a055c3
What is 1a0b0 (base 15) in base 10?
84540
18698 (base 13) to base 7
254555
Convert -3001310222 (base 5) to base 12.
-1b7985a
-122001222001000 (base 3) to base 9
-18058030
Convert -728a14 (base 12) to base 6.
-102314424
What is -3c8074 (base 13) in base 15?
-1e1c57
-140212260 (base 7) to base 9
-18103100
What is -1374059 (base 12) in base 14?
-731965
Convert -1043204110 (base 5) to base 9.
-4324407
What is -34224504 (base 6) in base 4?
-3333101320
What is -64610 (base 10) in base 3?
-10021121222
Convert -1106922 (base 10) to base 11.
-696713
-121012356 (base 7) to base 11
-4285570
What is 77aa74 (base 14) in base 13?
ac3566
What is c9ca2 (base 13) in base 2?
1011001000001111001
673cc0 (base 13) to base 16
252d6c
Convert -291c5 (base 16) to base 2.
-101001000111000101
102002121001 (base 3) to base 7
1566514
Convert 20201122210 (base 3) to base 7.
1061043
Convert -1220021122120 (base 3) to base 10.
-1009410
143245 (base 7) to base 8
65663
Convert 50050 (base 13) to base 10.
142870
Convert 1001101100100011101 (base 2) to base 16.
4d91d
-105447 (base 8) to base 5
-2114443
Convert 1463333 (base 8) to base 15.
8449c
What is -443013 (base 5) in base 7?
-62564
-212210102221 (base 3) to base 16
-72574
Convert -4a0326 (base 11) to base 15.
-10958a
-101001110000100001001111 (base 2) to base 4
-221300201033
9a6156 (base 13) to base 6
210010541
What is -1b53ac8 (base 13) in base 5?
-4304443112
Convert -10000110110011000111 (base 2) to base 7.
-4456503
-36560613 (base 7) to base 15
-44a6b3
What is -5a3813 (base 12) in base 6?
-51125223
Convert -3116651 (base 8) to base 16.
-c9da9
-12225603 (base 7) to base 10
-1099269
What is -3344341300 (base 5) in base 10?
-7418325
-1320524 (base 8) to base 10
-368980
What is -3ddb07 (base 14) in base 3?
-11001021020010
Convert e65b (base 15) to base 4.
23320232
-577453 (base 8) to base 3
-100222101220
-69e16 (base 15) to base 2
-1010010010110010000
3065b (base 14) to base 4
130130121
-12111101110 (base 4) to base 12
-680784
What is -3220030 (base 4) in base 5?
-433420
What is -7aee0 (base 16) in base 3?
-221120200220
What is 22211111101 (base 3) in base 10?
173863
Convert -11002220212 (base 3) to base 10.
-80861
Convert -2a9660 (base 14) to base 5.
-340021024
Convert -85e7 (base 15) to base 10.
-28342
-105451 (base 7) to base 15
-5854
What is -151824 (base 11) in base 15?
-4a171
Convert -528088 (base 9) to base 2.
-1001100101110100111
What is -12331113302 (base 4) in base 5?
-431333432
45a1a (base 11) to base 16
10392
-166613543 (base 7) to base 4
-223323221111
What is -2617015 (base 9) in base 5?
-331210404
1226160 (base 8) to base 4
1102301300
What is 2854091 (base 10) in base 3?
12101000002002
20232000311 (base 4) to base 14
436d49
What is -749460 (base 14) in base 13?
-a81234
Convert 13351400 (base 6) to base 12.
198560
-1340220442 (base 5) to base 4
-31021012002
9490a3 (base 11) to base 4
11303013303
-1221220110011 (base 3) to base 12
-422764
Convert 17b351b (base 15) to base 13.
376a951
What is 12112100221012 (base 3) in base 13?
7bc266
What is 3303330414 (base 5) in base 8?
33026514
Convert 2dd2dc (base 15) to base 13.
5ca156
What is 5341020 (base 6) in base 3?
111022102110
What is 546805 (base 11) in base 7?
10263354
Convert 21210332 (base 4) to base 5.
2223410
Convert -bc128 (base 14) to base 13.
-12c588
Convert -10010111100110011 (base 2) to base 4.
-102330303
What is -476395 (base 10) in base 12?
-1ab837
Convert 2177036 (base 9) to base 12.
486996
Convert -3d72a (base 14) to base 15.
-30205
141054 (base 13) to base 10
487803
4324446 (base 7) to base 2
10000000110000111101
What is -2613b (base 13) in base 15?
-15d68
What is -28bb80 (base 16) in base 7?
-31455424
Convert -223221302 (base 4) to base 8.
-535162
-211334 (base 9) to base 13
-45274
4919a9 (base 13) to base 4
12222102132
111022102011022 (base 3) to base 10
7074332
c04811 (base 15) to base 11
5174955
-1b9d0 (base 16) to base 8
-334720
10222200012011 (base 3) to base 6
113231434
What is -217748 (base 11) in base 10?
-346959
Convert 41571d (base 16) to base 9.
8045884
Convert -110613164 (base 7) to base 3.
-110121000200012
-a5117 (base 13) to base 6
-10210000
What is 187dd (base 16) in base 15?
1eacc
What is f819 (base 16) in base 13?
22ba8
What is 15e4b (base 16) in base 15?
1b885
Convert 2404103 (base 8) to base 10.
657475
-633b45 (base 16) to base 13
-1469090
What is 112232322122 (base 4) in base 15?
7caad2
-269b46 (base 12) to base 5
-130424040
What is 123421521 (base 6) in base 2?
1001001101001111111001
Convert -23650536 (base 7) to base 16.
-203e80
Convert -75178 (base 13) to base 12.
-a2264
What is -12310320301 (base 4) in base 15?
-255344
Convert 771033 (base 9) to base 5.
104210104
What is -4045845 (base 9) in base 8?
-10163466
Convert 10a936f (base 16) to base 7.
301331606
45433245 (base 6) to base 10
1388765
Convert 2299b1b (base 14) to base 9.
34048730
Convert -696793 (base 12) to base 14.
-320411
What is -32142402 (base 5) in base 16?
-424f2
Convert -3646bb9 (base 12) to base 10.
-10545981
Convert -228cb (base 13) to base 3.
-10012110122
Convert -21012020210020 (base 3) to base 2.
-1110100101011101011001
What is 525968 (base 11) in base 8?
3155163
Convert 432242214 (base 5) to base 6.
103213252
What is -1491b44 (base 12) in base 8?
-17723044
What is 3ca718 (base 13) in base 15?
1e36c5
-826730 (base 9) to base 15
-9a4dc
-182217 (base 9) to base 7
-650644
Convert 122222222121 (base 3) to base 14.
9317d
What is 1fd27 (base 16) in base 9?
217715
Convert -21aa850 (base 11) to base 7.
-44564656
-187b5 (base 16) to base 12
-4a045
Convert -6134283 (base 9) to base 3.
-20011011022210
What is -e8ca51 (base 15) in base 8?
-52206